r of 2607 and 22?
11
Calculate the highest common divisor of 68 and 1411.
17
What is the highest common divisor of 120 and 96?
24
Calculate the highest common factor of 1020 and 2220.
60
What is the greatest common factor of 33 and 6?
3
Calculate the greatest common factor of 11 and 4.
1
What is the greatest common divisor of 35 and 1519?
7
What is the greatest common divisor of 110 and 610?
10
Calculate the highest common factor of 1696 and 448.
32
Calculate the highest common factor of 51 and 187.
17
Calculate the highest common factor of 99 and 6849.
9
Calculate the greatest common factor of 6625 and 106.
53
Calculate the highest common factor of 5990 and 10.
10
What is the highest common factor of 350 and 14?
14
What is the highest common divisor of 9 and 165?
3
Calculate the highest common divisor of 324 and 24.
12
Calculate the highest common factor of 65 and 117.
13
Calculate the highest common divisor of 1078 and 28.
14
What is the highest common factor of 1 and 2267?
1
Calculate the highest common factor of 4384 and 137.
137
What is the highest common divisor of 28407 and 51?
51
What is the greatest common divisor of 441 and 189?
63
Calculate the greatest common divisor of 20 and 220.
20
What is the greatest common factor of 4210 and 20?
10
What is the highest common divisor of 25 and 15?
5
What is the highest common divisor of 423 and 81?
9
What is the highest common divisor of 2 and 4?
2
What is the greatest common divisor of 232 and 4?
4
Calculate the highest common factor of 116 and 11948.
116
Calculate the greatest common divisor of 276 and 36.
12
Calculate the highest common divisor of 6 and 30.
6
Calculate the highest common factor of 127760 and 16.
16
What is the greatest common factor of 50 and 225?
25
Calculate the highest common factor of 4662 and 420.
42
Calculate the highest common divisor of 45 and 432.
9
Calculate the greatest common divisor of 77 and 7.
7
Calculate the greatest common divisor of 35 and 329.
7
What is the highest common factor of 272 and 119?
17
Calculate the highest common factor of 80 and 15.
5
Calculate the greatest common divisor of 3 and 489.
3
Calculate the highest common factor of 11776 and 46.
46
What is the greatest common factor of 21 and 105?
21
What is the highest common divisor of 639 and 2485?
71
Calculate the highest common factor of 2352 and 8064.
336
What is the highest common factor of 205 and 55?
5
What is the highest common divisor of 2751 and 21?
21
Calculate the highest common divisor of 16184 and 56.
56
What is the highest common divisor of 92 and 3956?
92
What is the greatest common factor of 1276 and 232?
116
What is the greatest common divisor of 36 and 72?
36
Calculate the greatest common factor of 7 and 686.
7
What is the highest common factor of 61 and 1098?
61
What is the highest common factor of 28 and 9898?
14
Calculate the highest common factor of 21 and 31689.
21
What is the greatest common factor of 130 and 195?
65
Calculate the greatest common factor of 33 and 451.
11
Calculate the highest common divisor of 4061 and 393.
131
Calculate the greatest common factor of 280 and 805.
35
What is the highest common divisor of 81 and 162?
81
Calculate the greatest common factor of 68 and 15198.
34
Calculate the greatest common divisor of 1920 and 360.
120
What is the greatest common factor of 975 and 625?
25
Calculate the highest common factor of 1350 and 108.
54
Calculate the greatest common factor of 5632 and 748.
44
Calculate the highest common factor of 4424 and 112.
56
What is the greatest common factor of 33 and 6?
3
What is the greatest common divisor of 4020 and 30?
30
What is the greatest common divisor of 7 and 56?
7
What is the highest common divisor of 875 and 50?
25
Calculate the highest common factor of 55 and 185.
5
What is the greatest common factor of 16 and 64?
16
Calculate the greatest common factor of 880 and 10.
10
Calculate the highest common factor of 81 and 621.
27
Calculate the highest common factor of 14 and 12.
2
Calculate the greatest common factor of 60 and 5670.
30
Calculate the highest common divisor of 92 and 207.
23
Calculate the greatest common factor of 47 and 7990.
47
Calculate the highest common factor of 55 and 15.
5
What is the highest common factor of 585 and 135?
45
Calculate the highest common divisor of 312 and 2106.
78
Calculate the greatest common divisor of 20 and 640.
20
What is the highest common factor of 118314 and 378?
378
Calculate the highest common factor of 101 and 4343.
101
Calculate the highest common factor of 12 and 1356.
12
What is the highest common divisor of 98 and 8869?
49
What is the greatest common factor of 21 and 48?
3
Calculate the greatest common divisor of 13 and 676.
13
Calculate the highest common divisor of 286 and 52.
26
Calculate the greatest common factor of 16 and 20.
4
What is the highest common divisor of 81 and 30?
3
What is the greatest common divisor of 44 and 83?
1
What is the greatest common divisor of 7 and 707?
7
Calculate the highest common factor of 147 and 18767.
49
What is the greatest common divisor of 48 and 744?
24
Calculate the highest common divisor of 130 and 26.
26
What is the highest common divisor of 8946 and 18?
18
What is the greatest common divisor of 13 and 182?
13
Calculate the greatest common divisor of 574 and 14.
14
Calculate the highest common factor of 15096 and 111.
111
Calculate the highest common divisor of 16635 and 15.
15
What is the highest common factor of 369 and 164?
41
What is the greatest common divisor of 36 and 90?
18
What is the highest common factor of 584 and 219?
73
What is the greatest common divisor of 25 and 2225?
25
Calculate the highest common divisor of 12 and 768.
12
Calculate the greatest common divisor of 5043 and 1353.
123
Calculate the highest common factor of 186 and 6.
6
What is the greatest common factor of 1100 and 44?
44
Calculate the greatest common divisor of 3496 and 760.
152
What is the greatest common divisor of 13 and 13?
13
Calculate the greatest common divisor of 558 and 18.
18
Calculate the highest common divisor of 1010 and 40.
10
Calculate the highest common divisor of 12 and 2676.
12
Calculate the greatest common factor of 579 and 1544.
193
What is the greatest common divisor of 928 and 1376?
32
What is the greatest common factor of 71 and 1775?
71
Calculate the greatest common divisor of 2450 and 224.
14
Calculate the highest common factor of 28 and 882.
14
What is the highest common divisor of 60 and 30?
30
What is the greatest common divisor of 19 and 152?
19
What is the greatest common divisor of 70200 and 351?
351
Calculate the highest common divisor of 208 and 962.
26
What is the greatest common divisor of 98 and 637?
49
Calculate the greatest common divisor of 8 and 28.
4
Calculate the highest common factor of 96 and 1056.
96
What is the greatest common divisor of 2022 and 6?
6
What is the highest common divisor of 10605 and 105?
105
What is the greatest common factor of 1127 and 92?
23
Calculate the highest common divisor of 38 and 94924.
38
What is the highest common divisor of 5269 and 55?
11
What is the highest common factor of 74 and 9731?
37
Calculate the greatest common factor of 113 and 25199.
113
What is the greatest common divisor of 1102 and 38?
38
Calculate the highest common divisor of 19 and 5947.
19
Calculate the highest common factor of 44 and 1144.
44
Calculate the highest common factor of 1058 and 2.
2
Calculate the highest common factor of 82 and 446.
2
Calculate the highest common divisor of 55 and 115.
5
What is the greatest common divisor of 435 and 1185?
15
Calculate the highest common factor of 3729 and 99.
33
Calculate the highest common divisor of 104 and 48.
8
What is the highest common factor of 1355 and 5?
5
What is the highest common factor of 144 and 27?
9
Calculate the greatest common factor of 810 and 10.
10
What is the highest common factor of 9 and 96?
3
What is the greatest common factor of 72 and 63?
9
What is the highest common factor of 240 and 15720?
120
What is the highest common factor of 41 and 10537?
41
What is the highest common divisor of 116 and 87?
29
Calculate the highest common divisor of 2130 and 18.
6
Calculate the highest common factor of 984 and 24.
24
Calculat